/s*-7?
4
Suppose 0 = -76*t + 147*t - 39547. What is the hundreds digit of t?
5
Suppose -545069 - 880756 = -225*r. What is the hundreds digit of r?
3
Let a = -276 - -279. Suppose 0 = -a*y - 3*w + 1299, -w + 410 - 1729 = -3*y. What is the tens digit of y?
3
Let k be ((-128)/(-12))/2*213/(-2). Let c = -336 - k. What is the tens digit of c?
3
Let n(z) = 5*z**2 - 72*z + 588. What is the tens digit of n(-72)?
9
Suppose 0*b = -5*b + 1050. Suppose -3*u + 1178 = -5*o, 1728 = 5*u - 2*o - b. What is the hundreds digit of u?
3
Let g(t) = 27*t + 32. Let j be g(-4). Let m = -24 - j. What is the units digit of (259/(-4) + 39/m)*-1?
4
Let w = 70 - 54. Suppose 5*a = -2*d + 20, w = 4*a - 0*a + d. Suppose 3*b = h + 162, 0*b + 5*h + 216 = a*b. What is the tens digit of b?
5
Let v(d) = 3 + 3*d - 6*d**3 - 9*d**3 + 8*d**3 + 3*d**2 + d. What is the tens digit of v(-2)?
6
What is the tens digit of 1/(2/4) + 587093/(-195)*-15?
6
Let i = 580 - 575. Suppose -2857 = -5*h - 2*a, 6*h = 8*h + i*a - 1147. What is the units digit of h?
1
Let v(b) = -14*b**3 - 2*b**2 - 63*b - 3. Let h(j) = 5*j**3 + j**2 + 21*j + 1. Let q(t) = 17*h(t) + 6*v(t). What is the hundreds digit of q(7)?
4
Suppose o + z - 2 = 11, 3*o - 36 = -4*z. Suppose 0 = -4*c - o, -x - 3*c - 170 = -472. What is the hundreds digit of x?
3
Let i(d) = 48 - 28 + 12*d**2 + 12*d - 10*d. What is the hundreds digit of i(4)?
2
Suppose 25*w + 13915 = 30*w + 4*p, 2*w - 5*p = 5599. What is the thousands digit of w?
2
Let g = -472 - -4521. What is the thousands digit of g?
4
Suppose -5*k = -2*v + 5*v - 30, 0 = -4*k + 3*v + 51. Suppose 190 = k*q - 1925. What is the tens digit of q?
3
Suppose -28*x = -3*x + 113825 - 567200. What is the ten thousands digit of x?
1
Let m be (-16)/(-3) - (-1)/(-3). Let a(j) = 7*j**2 + 7*j - 8. Let i(y) = -2*y**2. Let c(l) = a(l) + 4*i(l). What is the units digit of c(m)?
2
Suppose 0 = -32*h + 7174 + 14778. Suppose 3*f = 4*i + h, 5*f - 25*i + 21*i = 1146. What is the hundreds digit of f?
2
Let v be (-42)/(-9) + -4 + 98/6. Let b(k) = k**2 - 15*k - 23. Let d be b(v). What is the tens digit of (0 - (2 + -180))/(d + -9)?
8
Let t(d) = -d**2 + 5. Let y be t(0). Suppose y*q = 20, -o - 2*q + 7*q = -182. What is the tens digit of o?
0
Let y = 152 + -250. Let t be 0 + 24/13 - y/637. What is the units digit of t + (-16 + -4)*45/(-6)?
2
Let h(z) = 21*z**2 - 59*z + 31. Let r(m) = -4*m**2 + 12*m - 6. Let p(d) = 2*h(d) + 11*r(d). Let i be p(7). What is the hundreds digit of 198 - (i/(-1) + -3)?
1
Suppose -4*b - 3*a - 776 = -5975, 2*b = -4*a + 2592. What is the tens digit of b?
0
Suppose 0 = 173*n - 169*n + 36. Let p(h) = 42*h - 59. Let o(y) = -7*y + 10. Let a(d) = 39*o(d) + 6*p(d). What is the hundreds digit of a(n)?
2
Let t(j) = 7*j + 21. Let d(u) = 7*u + 19. Let i = 95 - 98. Let x(k) = i*d(k) + 4*t(k). What is the units digit of x(10)?
7
Let n = 8807 - 3497. What is the tens digit of n?
1
Suppose -35*q - 2012 = 1628. Let l(m) = 37*m - 5. Let f be l(-6). Let n = q - f. What is the tens digit of n?
2
What is the tens digit of (-42)/(-49) - (-933453)/119?
4
Suppose 0 = -t - 502 + 100. What is the hundreds digit of (-11)/(33/t) + -4?
1
Let s be -4 - ((-52605)/56 + 12/32). Let m = s - -211. What is the hundreds digit of m?
1
Let c(y) = -2*y**3 + 2*y**2 - 2*y. Let u be c(1). Let t be (u + (-1 - (-6 + 3)))/1. Suppose t = 3*p + k - 245, 4*k - 7 = 1. What is the tens digit of p?
8
Let p(r) be the third derivative of -r**5/60 - 11*r**4/24 + 2*r**3/3 + 3*r**2. Suppose 0 = 819*n - 822*n - 15. What is the units digit of p(n)?
4
Let y(s) = 862*s**2 - 217*s - 4. What is the hundreds digit of y(-1)?
0
Suppose -3*a + 2*t + 28042 = -2*t, -18694 = -2*a + 3*t. Suppose 4370 + a = 10*z. Suppose -10*x + z = 472. What is the units digit of x?
0
Suppose 0 = -23*r + 6162 + 109022. What is the units digit of r?
8
Let u(n) = -25*n**3 - 6*n**2 + 6*n + 2. Let p = 545 + -548. What is the hundreds digit of u(p)?
6
Let a = -111 - -168. Let n = 65 - a. Suppose 378 = n*o - 94. What is the tens digit of o?
5
Suppose 0 = -8*y + 24*y - 135205 - 77707. What is the thousands digit of y?
3
What is the units digit of (4 + 5)*990308/198?
4
Let p(d) = 22*d - 4*d**2 + 32*d + d**3 - 762 + 772 + 25*d**2. What is the units digit of p(-17)?
8
Let g = 17019 + 53432. What is the ten thousands digit of g?
7
Let l be ((-90)/(-4))/((-3)/4). Let r(u) = u**3 + 32*u**2 + 54*u + 32. What is the units digit of r(l)?
2
Suppose 0 = -2*r - 180 - 76. Let o be (-14)/(-21) - r/6. Suppose 0 = 2*k + 4*m - o, k - 11 = -3*m - 0*m. What is the units digit of k?
1
Suppose -13*c + 4347 = -5026. Let y = c + -373. What is the hundreds digit of y?
3
Let f(n) = -n**3 + 2*n**2 + 2*n + 1. Let g be f(-1). Suppose -g*u + u - 91 = 0. Let s = -21 - u. What is the units digit of s?
0
Let j(g) = -3*g + 1. Let u(l) = 48*l - 4. Let a(s) = 28*j(s) + 2*u(s). What is the units digit of a(14)?
8
Let r(c) = 3*c**2 - c - 96. Let t be 2/3 + 28/(-6) - -8. Let y(j) = j**2 - j - 1. Let v(h) = t*y(h) - 2*r(h). What is the tens digit of v(0)?
8
Let f be (10/(-20))/((-2)/124). Suppose 534 = b + f. Suppose 5*x = -3*r + b, 0*x = r + 2*x - 167. What is the units digit of r?
1
Let o(u) be the second derivative of -113*u**3/3 + 28*u**2 - 2*u - 26. What is the hundreds digit of o(-5)?
1
Suppose -5*p - 263 = 17. Let u be (p + 3)*-12*(-2)/(-4). What is the units digit of 3*(u/(-24))/((-2)/8)?
9
Let v(c) = -c**2 + 15*c + 31. Let x(f) = -2*f**3 - f**2 - 2*f + 1. Let a be x(-2). Let t be v(a). What is the tens digit of (-1)/((-2)/(-174)*t)?
2
Suppose 30*k = 18*k + 60. Suppose -k*w + 2210 = -340. What is the tens digit of w?
1
Suppose 0 = 3*c + x - 63658 - 78595, -4*c + 3*x = -189636. What is the hundreds digit of c?
4
Suppose 108*x - 13424 = 106*x + 4*k, -13448 = -2*x - 4*k. What is the units digit of x?
8
Let k be (-3 - -4)*(9 - 3). Suppose -35516 + 2348 = 4*o. What is the hundreds digit of ((-4)/k)/(o/2070 + 4)?
1
Suppose 5*b - 355005 = -5*w, -3*b - 212979 = -53*w + 50*w. What is the hundreds digit of w?
9
Let p = -77120 - -119378. What is the thousands digit of p?
2
What is the thousands digit of (-138708)/(-15) + (-66)/330 + (4 - -1)?
9
Suppose 0*a + 9*a = -243. Let i be 261*(a/36 + (-7)/(-4)). Suppose -h + i = 65. What is the hundreds digit of h?
1
Suppose 4*o - 10 = -3*b - 4, 5*o + 4*b = 7. Suppose -2*q + 156 = -5*c - 578, o*q - 3*c - 1101 = 0. What is the units digit of q?
7
Let t(l) = 8858*l**2 - 3. What is the units digit of t(-1)?
5
Suppose -8*y = -34*y - 208. Let q(d) = 8*d + 278. What is the hundreds digit of q(y)?
2
Let n(k) be the third derivative of -k**6/120 + k**5/10 + 5*k**4/8 + k**3/2 + 2*k**2. Let v be n(7). Let p = 121 - v. What is the units digit of p?
2
Suppose -25*y + 18*y + 35 = 0. What is the tens digit of 5820/25 + 4 + (-4)/y?
3
Let x be -1 - 18/(-21) - 105/(-49). Let r(n) = 2 - 260*n + 270*n - x. What is the units digit of r(5)?
0
Let v be (8 + 10/(-5))/2. Let m = v + -7. What is the hundreds digit of (-462)/m + (-2)/4?
1
Suppose 0*r - 63 = 3*r. Let t(l) = 2*l + 36. Let g be t(r). What is the units digit of g/(-45)*5*33?
2
Let d(f) = -2*f - 12. Let m be d(-8). Let n = m - -1. Suppose -5*b = n*g - 725, 4*g - 310 - 252 = 5*b. What is the tens digit of g?
4
Let r = 30698 - -5214. What is the thousands digit of r?
5
Suppose p = -43*b + 40*b + 32022, 0 = -2*b - p + 21347. What is the tens digit of b?
7
Let q = -49 - -52. Suppose -4*p + 92 = -3*a, -3*p - q*a + 142 = 2*p. Suppose 4*l - 438 + p = -5*v, -506 = -5*l - 4*v. What is the units digit of l?
8
Let h(b) = 4*b + 242. Let q be h(0). Let j = 526 - q. What is the units digit of j?
4
Let l(b) = -4*b + 94. Let a be l(24). What is the units digit of 285/a*4/(-6)?
5
Suppose -27*f + 27 = -18*f. Suppose 0 = 4*x + 5*d - 509, 2*d - f = 3*d. What is the units digit of x?
1
Suppose 74*t + 7*t - 11720320 = -79*t. What is the ten thousands digit of t?
7
Let x(r) = -9*r - 15. Let w(k) = k - 20. Let o be 10/35 - (-132)/28. Let h be w(o). What is the tens digit of x(h)?
2
Suppose 15 = 2*v - 4*u + 7, 5*u = v - 16. Let t(r) = -77*r. What is the units digit of t(v)?
8
Let q be 216/(-48)*(-4)/9. Suppose -q*s = x - 1087, -4*x - 3*s + 4375 = -4*s. What is the hundreds digit of x?
0
Let q(h) = 533*h + 1038. What is the thousands digit of q(9)?
5
What is the tens di